{"id":471,"date":"2025-10-30T11:22:51","date_gmt":"2025-10-30T14:22:51","guid":{"rendered":"https:\/\/narracioninteractiva.comunicaciones.uc.cl\/2025\/s2\/grupo01\/?page_id=471"},"modified":"2025-11-24T12:11:39","modified_gmt":"2025-11-24T15:11:39","slug":"datos","status":"publish","type":"page","link":"https:\/\/narracioninteractiva.comunicaciones.uc.cl\/2025\/s2\/grupo01\/index.php\/datos\/","title":{"rendered":"Datos"},"content":{"rendered":"<p>[et_pb_section fb_built=&#8221;1&#8243; _builder_version=&#8221;4.27.4&#8243; _module_preset=&#8221;default&#8221; global_colors_info=&#8221;{}&#8221;][et_pb_row _builder_version=&#8221;4.27.4&#8243; _module_preset=&#8221;default&#8221; custom_padding=&#8221;31px|||||&#8221; global_colors_info=&#8221;{}&#8221;][et_pb_column type=&#8221;4_4&#8243; _builder_version=&#8221;4.27.4&#8243; _module_preset=&#8221;default&#8221; global_colors_info=&#8221;{}&#8221;][et_pb_text _builder_version=&#8221;4.27.4&#8243; _module_preset=&#8221;default&#8221; global_colors_info=&#8221;{}&#8221;][\/et_pb_text][et_pb_text _builder_version=&#8221;4.27.4&#8243; _module_preset=&#8221;default&#8221; text_font=&#8221;&#8211;et_global_heading_font|700|||||||&#8221; text_text_color=&#8221;#FA1282&#8243; text_font_size=&#8221;58px&#8221; header_font_size=&#8221;44px&#8221; background_enable_pattern_style=&#8221;on&#8221; background_pattern_style=&#8221;diagonal-stripes-2&#8243; background_pattern_color=&#8221;#FAD026&#8243; background_pattern_size=&#8221;custom&#8221; background_pattern_width=&#8221;0px&#8221; background_pattern_vertical_offset=&#8221;-74%&#8221; max_width=&#8221;100%&#8221; custom_margin=&#8221;|442px||39px||&#8221; custom_padding=&#8221;|215px||177px||&#8221; hover_enabled=&#8221;0&#8243; global_colors_info=&#8221;{}&#8221; background_color=&#8221;#FAD026&#8243; sticky_enabled=&#8221;0&#8243;]<\/p>\n<p>DATOS<\/p>\n<p>[\/et_pb_text][et_pb_text _builder_version=&#8221;4.27.4&#8243; _module_preset=&#8221;default&#8221; text_font=&#8221;&#8211;et_global_heading_font|500|||||||&#8221; text_text_color=&#8221;#FFFFFF&#8221; text_font_size=&#8221;20px&#8221; width=&#8221;97%&#8221; min_height=&#8221;0px&#8221; custom_margin=&#8221;|39px||39px||true&#8221; custom_padding=&#8221;|0px|28px|||&#8221; animation_style=&#8221;fade&#8221; animation_duration=&#8221;350ms&#8221; hover_enabled=&#8221;0&#8243; global_colors_info=&#8221;{}&#8221; sticky_enabled=&#8221;0&#8243;]<\/p>\n<blockquote><\/blockquote>\n<p style=\"text-align: left;\">Aqu\u00ed se encuentran las investigaciones y estudios realizados por el equipo para conocer en profundidad el fen\u00f3meno del g\u00e9nero urbano chileno.<\/p>\n<blockquote><\/blockquote>\n<p>[\/et_pb_text][et_pb_blog fullwidth=&#8221;off&#8221; include_categories=&#8221;47&#8243; _builder_version=&#8221;4.27.4&#8243; _module_preset=&#8221;default&#8221; min_height=&#8221;519.6px&#8221; custom_margin=&#8221;-37px|||||&#8221; global_colors_info=&#8221;{}&#8221;][\/et_pb_blog][\/et_pb_column][\/et_pb_row][\/et_pb_section]<\/p>\n","protected":false},"excerpt":{"rendered":"<p>DATOS Aqu\u00ed se encuentran las investigaciones y estudios realizados por el equipo para conocer en profundidad el fen\u00f3meno del g\u00e9nero urbano chileno.<\/p>\n","protected":false},"author":2,"featured_media":0,"parent":0,"menu_order":0,"comment_status":"closed","ping_status":"closed","template":"","meta":{"_et_pb_use_builder":"on","_et_pb_old_content":"","_et_gb_content_width":"","footnotes":""},"class_list":["post-471","page","type-page","status-publish","hentry"],"yoast_head":"<!-- This site is optimized with the Yoast SEO plugin v25.7 - https:\/\/yoast.com\/wordpress\/plugins\/seo\/ -->\n<title>Datos - Marca Urbana<\/title>\n<meta name=\"robots\" content=\"noindex, follow, max-snippet:-1, max-image-preview:large, max-video-preview:-1\" \/>\n<meta property=\"og:locale\" content=\"es_ES\" \/>\n<meta property=\"og:type\" content=\"article\" \/>\n<meta property=\"og:title\" content=\"Datos - Marca Urbana\" \/>\n<meta property=\"og:description\" content=\"DATOS Aqu\u00ed se encuentran las investigaciones y estudios realizados por el equipo para conocer en profundidad el fen\u00f3meno del g\u00e9nero urbano chileno.\" \/>\n<meta property=\"og:url\" content=\"https:\/\/narracioninteractiva.comunicaciones.uc.cl\/2025\/s2\/grupo01\/index.php\/datos\/\" \/>\n<meta property=\"og:site_name\" content=\"Marca Urbana\" \/>\n<meta property=\"article:modified_time\" content=\"2025-11-24T15:11:39+00:00\" \/>\n<meta name=\"twitter:card\" content=\"summary_large_image\" \/>\n<script type=\"application\/ld+json\" class=\"yoast-schema-graph\">{\"@context\":\"https:\/\/schema.org\",\"@graph\":[{\"@type\":\"WebPage\",\"@id\":\"https:\/\/narracioninteractiva.comunicaciones.uc.cl\/2025\/s2\/grupo01\/index.php\/datos\/\",\"url\":\"https:\/\/narracioninteractiva.comunicaciones.uc.cl\/2025\/s2\/grupo01\/index.php\/datos\/\",\"name\":\"Datos - Marca Urbana\",\"isPartOf\":{\"@id\":\"https:\/\/narracioninteractiva.comunicaciones.uc.cl\/2025\/s2\/grupo01\/#website\"},\"datePublished\":\"2025-10-30T14:22:51+00:00\",\"dateModified\":\"2025-11-24T15:11:39+00:00\",\"breadcrumb\":{\"@id\":\"https:\/\/narracioninteractiva.comunicaciones.uc.cl\/2025\/s2\/grupo01\/index.php\/datos\/#breadcrumb\"},\"inLanguage\":\"es-CL\",\"potentialAction\":[{\"@type\":\"ReadAction\",\"target\":[\"https:\/\/narracioninteractiva.comunicaciones.uc.cl\/2025\/s2\/grupo01\/index.php\/datos\/\"]}]},{\"@type\":\"BreadcrumbList\",\"@id\":\"https:\/\/narracioninteractiva.comunicaciones.uc.cl\/2025\/s2\/grupo01\/index.php\/datos\/#breadcrumb\",\"itemListElement\":[{\"@type\":\"ListItem\",\"position\":1,\"name\":\"Portada\",\"item\":\"https:\/\/narracioninteractiva.comunicaciones.uc.cl\/2025\/s2\/grupo01\/\"},{\"@type\":\"ListItem\",\"position\":2,\"name\":\"Datos\"}]},{\"@type\":\"WebSite\",\"@id\":\"https:\/\/narracioninteractiva.comunicaciones.uc.cl\/2025\/s2\/grupo01\/#website\",\"url\":\"https:\/\/narracioninteractiva.comunicaciones.uc.cl\/2025\/s2\/grupo01\/\",\"name\":\"Marca Urbana\",\"description\":\"\",\"potentialAction\":[{\"@type\":\"SearchAction\",\"target\":{\"@type\":\"EntryPoint\",\"urlTemplate\":\"https:\/\/narracioninteractiva.comunicaciones.uc.cl\/2025\/s2\/grupo01\/?s={search_term_string}\"},\"query-input\":{\"@type\":\"PropertyValueSpecification\",\"valueRequired\":true,\"valueName\":\"search_term_string\"}}],\"inLanguage\":\"es-CL\"}]}<\/script>\n<!-- \/ Yoast SEO plugin. -->","yoast_head_json":{"title":"Datos - Marca Urbana","robots":{"index":"noindex","follow":"follow","max-snippet":"max-snippet:-1","max-image-preview":"max-image-preview:large","max-video-preview":"max-video-preview:-1"},"og_locale":"es_ES","og_type":"article","og_title":"Datos - Marca Urbana","og_description":"DATOS Aqu\u00ed se encuentran las investigaciones y estudios realizados por el equipo para conocer en profundidad el fen\u00f3meno del g\u00e9nero urbano chileno.","og_url":"https:\/\/narracioninteractiva.comunicaciones.uc.cl\/2025\/s2\/grupo01\/index.php\/datos\/","og_site_name":"Marca Urbana","article_modified_time":"2025-11-24T15:11:39+00:00","twitter_card":"summary_large_image","schema":{"@context":"https:\/\/schema.org","@graph":[{"@type":"WebPage","@id":"https:\/\/narracioninteractiva.comunicaciones.uc.cl\/2025\/s2\/grupo01\/index.php\/datos\/","url":"https:\/\/narracioninteractiva.comunicaciones.uc.cl\/2025\/s2\/grupo01\/index.php\/datos\/","name":"Datos - Marca Urbana","isPartOf":{"@id":"https:\/\/narracioninteractiva.comunicaciones.uc.cl\/2025\/s2\/grupo01\/#website"},"datePublished":"2025-10-30T14:22:51+00:00","dateModified":"2025-11-24T15:11:39+00:00","breadcrumb":{"@id":"https:\/\/narracioninteractiva.comunicaciones.uc.cl\/2025\/s2\/grupo01\/index.php\/datos\/#breadcrumb"},"inLanguage":"es-CL","potentialAction":[{"@type":"ReadAction","target":["https:\/\/narracioninteractiva.comunicaciones.uc.cl\/2025\/s2\/grupo01\/index.php\/datos\/"]}]},{"@type":"BreadcrumbList","@id":"https:\/\/narracioninteractiva.comunicaciones.uc.cl\/2025\/s2\/grupo01\/index.php\/datos\/#breadcrumb","itemListElement":[{"@type":"ListItem","position":1,"name":"Portada","item":"https:\/\/narracioninteractiva.comunicaciones.uc.cl\/2025\/s2\/grupo01\/"},{"@type":"ListItem","position":2,"name":"Datos"}]},{"@type":"WebSite","@id":"https:\/\/narracioninteractiva.comunicaciones.uc.cl\/2025\/s2\/grupo01\/#website","url":"https:\/\/narracioninteractiva.comunicaciones.uc.cl\/2025\/s2\/grupo01\/","name":"Marca Urbana","description":"","potentialAction":[{"@type":"SearchAction","target":{"@type":"EntryPoint","urlTemplate":"https:\/\/narracioninteractiva.comunicaciones.uc.cl\/2025\/s2\/grupo01\/?s={search_term_string}"},"query-input":{"@type":"PropertyValueSpecification","valueRequired":true,"valueName":"search_term_string"}}],"inLanguage":"es-CL"}]}},"_links":{"self":[{"href":"https:\/\/narracioninteractiva.comunicaciones.uc.cl\/2025\/s2\/grupo01\/index.php\/wp-json\/wp\/v2\/pages\/471","targetHints":{"allow":["GET"]}}],"collection":[{"href":"https:\/\/narracioninteractiva.comunicaciones.uc.cl\/2025\/s2\/grupo01\/index.php\/wp-json\/wp\/v2\/pages"}],"about":[{"href":"https:\/\/narracioninteractiva.comunicaciones.uc.cl\/2025\/s2\/grupo01\/index.php\/wp-json\/wp\/v2\/types\/page"}],"author":[{"embeddable":true,"href":"https:\/\/narracioninteractiva.comunicaciones.uc.cl\/2025\/s2\/grupo01\/index.php\/wp-json\/wp\/v2\/users\/2"}],"replies":[{"embeddable":true,"href":"https:\/\/narracioninteractiva.comunicaciones.uc.cl\/2025\/s2\/grupo01\/index.php\/wp-json\/wp\/v2\/comments?post=471"}],"version-history":[{"count":5,"href":"https:\/\/narracioninteractiva.comunicaciones.uc.cl\/2025\/s2\/grupo01\/index.php\/wp-json\/wp\/v2\/pages\/471\/revisions"}],"predecessor-version":[{"id":723,"href":"https:\/\/narracioninteractiva.comunicaciones.uc.cl\/2025\/s2\/grupo01\/index.php\/wp-json\/wp\/v2\/pages\/471\/revisions\/723"}],"wp:attachment":[{"href":"https:\/\/narracioninteractiva.comunicaciones.uc.cl\/2025\/s2\/grupo01\/index.php\/wp-json\/wp\/v2\/media?parent=471"}],"curies":[{"name":"wp","href":"https:\/\/api.w.org\/{rel}","templated":true}]}}

<p>[et_pb_section fb_built=&#8221;1&#8243; _builder_version=&#8221;4.27.4&#8243; _module_preset=&#8221;default&#8221; global_colors_info=&#8221;{}&#8221;][et_pb_row _builder_version=&#8221;4.27.4&#8243; _module_preset=&#8221;default&#8221; custom_padding=&#8221;31px|||||&#8221; global_colors_info=&#8221;{}&#8221;][et_pb_column type=&#8221;4_4&#8243; _builder_version=&#8221;4.27.4&#8243; _module_preset=&#8221;default&#8221; global_colors_info=&#8221;{}&#8221;][et_pb_text _builder_version=&#8221;4.27.4&#8243; _module_preset=&#8221;default&#8221; global_colors_info=&#8221;{}&#8221;][/et_pb_text][et_pb_text _builder_version=&#8221;4.27.4&#8243; _module_preset=&#8221;default&#8221; text_font=&#8221;&#8211;et_global_heading_font|700|||||||&#8221; text_text_color=&#8221;#FA1282&#8243; text_font_size=&#8221;58px&#8221; header_font_size=&#8221;44px&#8221; background_enable_pattern_style=&#8221;on&#8221; background_pattern_style=&#8221;diagonal-stripes-2&#8243; background_pattern_color=&#8221;#FAD026&#8243; background_pattern_size=&#8221;custom&#8221; background_pattern_width=&#8221;0px&#8221; background_pattern_vertical_offset=&#8221;-74%&#8221; max_width=&#8221;100%&#8221; custom_margin=&#8221;|442px||39px||&#8221; custom_padding=&#8221;|215px||177px||&#8221; hover_enabled=&#8221;0&#8243; global_colors_info=&#8221;{}&#8221; background_color=&#8221;#FAD026&#8243; sticky_enabled=&#8221;0&#8243;]</p>
<p>DATOS</p>
<p>[/et_pb_text][et_pb_text _builder_version=&#8221;4.27.4&#8243; _module_preset=&#8221;default&#8221; text_font=&#8221;&#8211;et_global_heading_font|500|||||||&#8221; text_text_color=&#8221;#FFFFFF&#8221; text_font_size=&#8221;20px&#8221; width=&#8221;97%&#8221; min_height=&#8221;0px&#8221; custom_margin=&#8221;|39px||39px||true&#8221; custom_padding=&#8221;|0px|28px|||&#8221; animation_style=&#8221;fade&#8221; animation_duration=&#8221;350ms&#8221; hover_enabled=&#8221;0&#8243; global_colors_info=&#8221;{}&#8221; sticky_enabled=&#8221;0&#8243;]</p>
<blockquote></blockquote>
<p style="text-align: left;">Aquí se encuentran las investigaciones y estudios realizados por el equipo para conocer en profundidad el fenómeno del género urbano chileno.</p>
<blockquote></blockquote>
<p>[/et_pb_text][et_pb_blog fullwidth=&#8221;off&#8221; include_categories=&#8221;47&#8243; _builder_version=&#8221;4.27.4&#8243; _module_preset=&#8221;default&#8221; min_height=&#8221;519.6px&#8221; custom_margin=&#8221;-37px|||||&#8221; global_colors_info=&#8221;{}&#8221;][/et_pb_blog][/et_pb_column][/et_pb_row][/et_pb_section]</p>

<p>DATOS Aquí se encuentran las investigaciones y estudios realizados por el equipo para conocer en profundidad el fenómeno del género urbano chileno.</p>

<!-- This site is optimized with the Yoast SEO plugin v25.7 - https://yoast.com/wordpress/plugins/seo/ -->
<title>Datos - Marca Urbana</title>
<meta name="robots" content="noindex, follow, max-snippet:-1, max-image-preview:large, max-video-preview:-1" />
<meta property="og:locale" content="es_ES" />
<meta property="og:type" content="article" />
<meta property="og:title" content="Datos - Marca Urbana" />
<meta property="og:description" content="DATOS Aquí se encuentran las investigaciones y estudios realizados por el equipo para conocer en profundidad el fenómeno del género urbano chileno." />
<meta property="og:url" content="https://narracioninteractiva.comunicaciones.uc.cl/2025/s2/grupo01/index.php/datos/" />
<meta property="og:site_name" content="Marca Urbana" />
<meta property="article:modified_time" content="2025-11-24T15:11:39+00:00" />
<meta name="twitter:card" content="summary_large_image" />
<script type="application/ld+json" class="yoast-schema-graph">{"@context":"https://schema.org","@graph":[{"@type":"WebPage","@id":"https://narracioninteractiva.comunicaciones.uc.cl/2025/s2/grupo01/index.php/datos/","url":"https://narracioninteractiva.comunicaciones.uc.cl/2025/s2/grupo01/index.php/datos/","name":"Datos - Marca Urbana","isPartOf":{"@id":"https://narracioninteractiva.comunicaciones.uc.cl/2025/s2/grupo01/#website"},"datePublished":"2025-10-30T14:22:51+00:00","dateModified":"2025-11-24T15:11:39+00:00","breadcrumb":{"@id":"https://narracioninteractiva.comunicaciones.uc.cl/2025/s2/grupo01/index.php/datos/#breadcrumb"},"inLanguage":"es-CL","potentialAction":[{"@type":"ReadAction","target":["https://narracioninteractiva.comunicaciones.uc.cl/2025/s2/grupo01/index.php/datos/"]}]},{"@type":"BreadcrumbList","@id":"https://narracioninteractiva.comunicaciones.uc.cl/2025/s2/grupo01/index.php/datos/#breadcrumb","itemListElement":[{"@type":"ListItem","position":1,"name":"Portada","item":"https://narracioninteractiva.comunicaciones.uc.cl/2025/s2/grupo01/"},{"@type":"ListItem","position":2,"name":"Datos"}]},{"@type":"WebSite","@id":"https://narracioninteractiva.comunicaciones.uc.cl/2025/s2/grupo01/#website","url":"https://narracioninteractiva.comunicaciones.uc.cl/2025/s2/grupo01/","name":"Marca Urbana","description":"","potentialAction":[{"@type":"SearchAction","target":{"@type":"EntryPoint","urlTemplate":"https://narracioninteractiva.comunicaciones.uc.cl/2025/s2/grupo01/?s={search_term_string}"},"query-input":{"@type":"PropertyValueSpecification","valueRequired":true,"valueName":"search_term_string"}}],"inLanguage":"es-CL"}]}</script>
<!-- / Yoast SEO plugin. -->

DATOS Aquí se encuentran las investigaciones y estudios realizados por el equipo para conocer en profundidad el fenómeno del género urbano chileno.
